)/(-8))/(n/(-14)). Let c(g) = 2*g**2 + 4*g - 25. Is c(u) a composite number?
True
Suppose 278291 = b - 5*l, 0 = 3*b + 4*l - 785085 - 49864. Is b composite?
True
Let d = -28 + 21. Let a be -6*(28/8)/d. Suppose 641 - 8 = a*c. Is c a composite number?
False
Suppose 0*q = 2*q + q. Suppose -9*a - 1620 = -q*a. Let c = -65 - a. Is c a composite number?
True
Let v(d) = 4032*d + 23. Let y(t) = -4031*t - 22. Let g(h) = 5*v(h) + 6*y(h). Is g(-2) prime?
False
Suppose 52*i - 49*i - 6 = 0. Let r be -5*i/(-15)*996. Suppose 4*v - r = -0*v. Is v composite?
True
Let o(x) = 9*x**2 + 10*x - 7. Let g be o(6). Suppose -2*n = 2*i - 978, -2*n - i = -g - 601. Suppose -3469 + n = -4*m. Is m a composite number?
True
Let h(p) = -7061*p - 570. Is h(-7) composite?
False
Suppose 12 = -3*g, g = -b - 2*g - 85. Let n(u) = -9*u**3 - u**2 - 4*u + 8. Let f be n(-5). Let q = b + f. Is q composite?
True
Let s = -19867 + 13186. Is s/(-8) - 11/88 prime?
False
Suppose 0 = -608*d + 610*d + 2*y - 85740, -4*d + y = -171455. Is d composite?
True
Is (4/(-16))/((-104)/64) + (-1299825)/(-39) prime?
True
Let c(t) = -3*t - 16. Let k be c(-6). Suppose k*w + w = 4*g, -3*w = -2*g. Is (-1 + w + -1)/(62/(-71083)) a prime number?
True
Let z = 33118 - -341551. Is z a composite number?
False
Suppose 3*c + 6603 = -2*i, -2*c - 4*i - 4402 = -i. Let q = -1050 - c. Is q a composite number?
False
Let r = -107945 + 357832. Is r a composite number?
True
Let w(b) = 2*b**2 - b + 2. Suppose 0 = 3*k + 11 - 14. Let n be w(k). Suppose 0 = 5*u - 5*j - 750, 5*u = n*j + j + 749. Is u composite?
False
Let t(r) be the third derivative of 35*r**4/12 - 5*r**2. Let q be t(4). Let l = -153 + q. Is l composite?
False
Let k(a) = -68467*a + 31. Let x be k(-2). Is (3 - x/(-3))/(-3 - -5) composite?
True
Let q(i) = 772*i**3 + 2*i**2 + 45*i - 124. Is q(3) a prime number?
True
Suppose 22 = i - 3*y, -3 = -3*i - i - 5*y. Suppose 9*w - i*w = 374. Let c = w - -190. Is c prime?
False
Suppose -3*x + 15*k - 14*k = -85683, 2*x + 2*k - 57130 = 0. Is (x/8)/(14/56) a composite number?
False
Is (-3815280)/(-20) + (-204)/(-12) a prime number?
False
Suppose 3*x + 3477 - 179760 = -3*v, -3*v = -2*x + 117527. Let j be ((-9)/12*2)/((-33)/x). Suppose -l + 1340 = 2*y + l, -j = -4*y - l. Is y prime?
False
Let u(t) = t**3 + 15*t**2 + 16*t + 32. Let z be u(-14). Suppose z*i = -r + 1621, 3*r - 2*i - 1875 - 3044 = 0. Is r prime?
True
Let r = 193872 - 88703. Is r prime?
False
Let p = 583 - 583. Suppose 394*m - 403*m + 138951 = p. Is m a prime number?
True
Let h = -13417 + 29670. Is h a composite number?
False
Suppose -1640*n = -1634*n - 251344 + 30826. Is n prime?
False
Let g = -92 + -1061. Let y = g - -1832. Is y a prime number?
False
Let i(p) = 4*p**3 - 20*p**2 + p. Let s be i(5). Suppose 0 = 3*b - 16*z + 15*z - 3130, 5220 = s*b - 5*z. Is b a prime number?
False
Let c = -18354 + 29853. Is c a prime number?
False
Let j = -5335 + 3196. Let d(x) = -72*x**2 + 5*x + 3. Let w be d(7). Let p = j - w. Is p composite?
True
Let i = 59290 - -1203. Is i a composite number?
False
Let d(f) = f**2 - 12*f + 28. Let j be d(3). Let o(r) = 791*r - 22. Is o(j) a composite number?
False
Suppose -5*l + 840695 = 5*i, -4*i - 672546 = -4*l - 3*i. Is l a composite number?
True
Suppose -25762*r + 14060553 = -25723*r. Is r a prime number?
False
Let s be ((-1)/((-5)/(-50)))/(3/(-9)). Is (10/s)/((-1)/3) - -2898 prime?
True
Suppose 0 = 3*m - 4*v - 12180, -4*m + 2*v - 2289 = -18539. Is ((-26)/8)/((-8)/m) + 0 composite?
True
Let u = 2057 + -669. Let x(t) = -t**2 + 2*t + 979. Let h be x(0). Let d = u - h. Is d prime?
True
Let o be (2575/(-3))/(1474/165 + -9). Suppose -5*v + z + 8028 = -o, z = 2. Is v prime?
False
Let u be 14/(-49)*(-7 + 0). Let i be 268 - (4 + (-4)/u). Suppose 3*w - w = i. Is w prime?
False
Suppose -8 = -4*h, 57864 = 5*k - 2*h - h. Let m = k - 4065. Is m prime?
False
Suppose -21176 = 5*w - b - 3*b, 3*b = -w - 4239. Let h = w + 8285. Is h prime?
True
Suppose -4*k + 3*h = -760652, -8*k + 1521304 = 9*h - 14*h. Is k a prime number?
False
Suppose -4*y - 3*j = -3137, -3*y = -y + 2*j - 1568. Let h = 1685 - y. Suppose -643 - h = -o. Is o composite?
False
Is (141/12)/(1/(-2))*-33646 prime?
False
Let i = 58 + -49. Let z(y) = -2*y**3 + 20*y**2 - 15*y - 12. Let r be z(i). Let t(b) = b**3 - 4*b**2 - 15*b - 33. Is t(r) a prime number?
False
Suppose -3*a + c + 780823 = 0, c - 195971 - 64298 = -a. Is a a composite number?
True
Suppose 280*s = 285*s - 4*d - 7283497, 2*s = -2*d + 2913370. Is s composite?
True
Let a(y) = -946*y**3 + 5*y**2 + 5*y + 2. Let i be a(-2). Suppose 0 = 5*r + 5*r - i. Is r prime?
False
Let m(x) = 37*x**2 - 5*x - 21. Let d(l) = -14*l**2 - 3*l - 7 - 4 + 33*l**2. Let a(f) = -11*d(f) + 6*m(f). Is a(2) prime?
True
Let s be (2 - (-8)/(-3))*-13788. Let l be -1 - 1 - (6 + -14037). Suppose 5*o + t + s - 32559 = 0, 5*t - l = -3*o. Is o prime?
True
Suppose 9*h + 0 - 18 = 0. Is 2/(8/h)*2138 prime?
True
Is ((-1494)/(-54) + -28)*(-105207)/1 a composite number?
False
Suppose 12*n - 2*h - 26 = 7*n, 4*h + 12 = 0. Is (-1)/((-7)/(-938))*(-166)/n prime?
False
Suppose 0*n - 2*n = 2*r - 80, 2*r + n = 84. Suppose 0 = -2*s + r + 8. Suppose 21*m = s*m - 2955. Is m composite?
True
Let g(z) = -7 - 8 - 2 + 2*z + 0. Let x be g(10). Suppose -j + 1265 = x*m, -1 + 3 = m. Is j composite?
False
Let n(d) = 303*d**2 + d - 7. Let i = -28 - -32. Suppose -3*g = 2*g - i*p, 2*g + 3 = p. Is n(g) a composite number?
True
Is 26013 - (-7 - (8 + -11)) - -6 a prime number?
False
Let h = 46 + -49. Let f(a) = 26*a**3 + 3*a**2 - 6*a + 3. Let q be f(2). Is (q/h)/((-7)/21) composite?
False
Let y(n) = 1598*n**2 - 8*n - 5. Is y(-3) a prime number?
True
Suppose -25*l + 33*l + 4736 = 0. Let z = l - -1749. Is z composite?
True
Let p = 218536 - 92187. Is p a prime number?
True
Suppose 0 = -237*j + 235*j - 6. Is j + (1102 - (2 - 1 - 5)) prime?
True
Suppose -10 = -5*y - 0*y. Is (36664/(-12))/(y/(-3)) composite?
False
Let v be 2/1 - -2 - 2/(-1). Suppose r + 5 = v*r. Is ((-10)/20)/(2/(-10228)*r) prime?
True
Let j = -2346218 - -3350367. Is j prime?
False
Let w(m) = 3504*m**2 + 813*m - 110. Is w(23) a composite number?
True
Is (-882)/(-490) + (-4383152)/(-10) a composite number?
True
Let u = 364856 - 45429. Is u prime?
True
Let t(x) = -x**3 - x**2 - 64. Let w be t(0). Let r be 0/((-8)/(-4)) - w. Suppose 5*s = 4*f + 118, 4*s - s + f - r = 0. Is s a composite number?
True
Let a(k) = 52*k**2 - 61*k + 29*k + 40*k - 37 + 11. Is a(7) a prime number?
False
Let q(h) = -1707*h - 202. Let x be q(-6). Let o = x + -4983. Is o a composite number?
True
Suppose 0*s = -l - 4*s - 91, -400 = 4*l - 2*s. Let r = l + 119. Is 1755/r + -1 + 2/8 composite?
True
Let f(c) = 17926*c**2 - 17*c + 79. Is f(6) a prime number?
True
Suppose -4*r + 501 + 51 = 0. Let l = r - -223. Is l prime?
False
Let f = 388 - 389. Is ((-35)/175)/(f/176395) a prime number?
True
Suppose -40 + 71 = -2*i - 3*y, -4*y - 23 = i. Is (13 - (-121)/i) + 585 + 0 a composite number?
False
Let d(b) be the third derivative of 1175*b**4/24 + 32*b**3/3 + 82*b**2. Is d(3) composite?
True
Let w(q) = 421*q + 9. Let d(j) = -423*j - 8. Let r(v) = -3*d(v) - 4*w(v). Let m be r(-5). Suppose -12158 + m = -5*s. Is s a composite number?
True
Let q = -15 - -17. Suppose -b - 5*u - 140 = 122, q*b + 2*u = -540. Let o = 1027 + b. Is o composite?
True
Let v = 70 + -57. Let o = v - 10. Suppose 2*d + o*d + 3*l = 793, -321 = -2*d - 5*l. Is d composite?
True
Suppose -21 = -5*b + 4*t, -3*b + 28 - 15 = -2*t. Is (b + -3)*-34*(-422)/8 prime?
False
Let d be (-14)/4 - 10/(-4) - -14825. Suppose -5*q + d + 14971 = 0. Is q a composite number?
True
Let u(d) = 159*d + 331. Is u(0) composite?
False
Suppose -45*u + 42 = -51*u. Let s(a) = -a - 3. Let d be s(u). Suppose 0 = m + d*j - 2337, 0 = -3*j + 4 - 1. Is m a prime number?
True
Suppose -z - 4*h + 13 = 0, 5*z + h - 3 = 24. Suppose 5*p - 9*a - 1035 = -4*a, -z*p = -4*a - 1032. Suppose -2*d + p = 4*u, -2*d - 2*d - 255 = -5*u. Is u prime?
False
Let a(o) = 1295*o + 639. Is a(44) composite?
True
Let s(i) = 86*i**2 - 3*i + 4. Let a be s(2). Let h = a - -6697. Let k = -1962 + h. Is k composite?
False
Let g be -5 - 6/(-9)*6. Let p be (2 + g - -160)*(-6)/(-2). Let f = p - 265. Is f a composite number?
True
Let d(p) = -p**3 - 3*p**2 + p + 4. Let i be d(-2). Let o be i - (-11309 + 